7)) + (15 - 0)?
8
What is (5 - 13) + (-30 - -34)?
-4
1 - (-4 + -1) - (1 - 6 - -23)
-12
Evaluate -362 - -333 - (-23 + 0).
-6
-19 - (-25 + (-21 - -30))
-3
What is the value of 6 - 1 - 2 - (-9 - 3 - 3)?
18
(-13 - 10 - -19) + -2
-6
Calculate -20 + -2 - (-22 + 13 + -12 + 14).
-15
3 + (-9 - 2) - (-6 + -2 - -6)
-6
What is the value of -12 + (5 - 12 - -18) + (11 - 0)?
10
Evaluate (33 - 26) + -5 + -7.
-5
Evaluate (-186 - -177) + -1 + -4.
-14
What is the value of (-11 + 13 + 5 - (1 - -6)) + -1?
-1
What is the value of (11 - -4) + -8 + (-8 - (-6 - 5))?
10
What is the value of (17 + -6 - 3) + -2 + (5 - -1)?
12
What is 10 + (-10 - 4) + 4?
0
What is 18 + 5 - 11 - (7 - 2)?
7
Evaluate (29 - 49) + 17 - -7.
4
0 + (-2 - -3) + (-15 - -11)
-3
What is (-32 + 34 - -12) + -6?
8
What is -15 + 8 - (12 + -16 - -16)?
-19
What is 13 - (-9 + 17) - 7 - 12?
-14
2 + (-1 + 6 - (159 - 166))
14
Evaluate (28 - (22 - -1)) + -1 - (-17 - 1).
22
Calculate (0 - 17 - 18) + 19.
-16
What is -37 - ((14 - (5 + -6)) + -21)?
-31
What is -10 + (-4 + -14 - ((3 - 29) + 15))?
-17
What is the value of (-6 - (-7 + 25)) + 2?
-22
-18 - (5 + -80 + 39)
18
What is (6 - (-4 - 8 - -29)) + 0?
-11
Evaluate (7 - 7) + 28 - 20.
8
What is the value of (6 - -6 - -1) + (-11 - -7)?
9
-9 - ((-10 - -11) + -20) - -5
15
What is the value of (-21 - -2) + -74 + 102?
9
Evaluate -6 + (0 - 8 - (-5 - -12 - 22)).
1
What is 7 + (10 - ((-1 - -10) + 6))?
2
Evaluate (1 - (-1 - 2)) + 5 + (34 - 58).
-15
Calculate (3 - -3) + 40 + -37.
9
What is the value of -12 - -7 - 4 - 0?
-9
Evaluate (4 - (-6 + 17 + -7)) + -7.
-7
Calculate 8 + (2 - 2) + -10 + (7 - 1).
4
Evaluate 31 + -33 + (4 - (10 - 2)) + -7.
-13
Evaluate (-54 - -55) + (5 + 15 - 6).
15
Evaluate (-5 - -1) + 1 + (-12 + -1 - -24).
8
What is the value of (-8 - -6) + 7 - 8?
-3
-12 - (-12 - (5 + (-1 - 8)))
-4
Calculate 6 + 6 - 5 - (-1 + 10 + 19).
-21
What is the value of -8 + 0 + (-46 - (-47 - 23))?
16
Evaluate 6 + 2 + (-10 - ((-25 - -15) + -6)).
14
What is 15 + -14 + (-37 - -25)?
-11
Evaluate (-25 - 18) + 10 - (-1 - 7) - 10.
-35
What is 0 + (21 - 13) - (2 + (0 - -1))?
5
Evaluate (-1 - -3) + (115 - 120) - -6.
3
Evaluate 3 - -1 - (-23 + 23 + 3).
1
What is the value of 18 + -17 + (7 - (7 - (-23 + -5)))?
-27
(19 + -15 - -1) + 5
10
What is (3 + -2 - -11) + 0?
12
What is 0 - -7 - 10 - -8?
5
What is the value of -25 + 3 + (-15 - -1 - -5) + 16?
-15
-4 + 0 + -23 + -57 + 59
-25
Evaluate (-510 - -502) + 6 + -1.
-3
What is the value of (6 + -25 - -11) + (-7 - 0)?
-15
7 - 2 - (41 - 60)
24
Evaluate 10 + -1 + 6 + -23.
-8
Calculate 20 - (-9 + 10 - -41).
-22
What is the value of (-30 + 7 + 9 - -10) + (-3 - 0)?
-7
Calculate 3 - 6 - 2 - (-37 - -10 - -19).
3
Calculate (-1 + 2 + -1 - (144 + -149)) + 13.
18
Calculate 19 - ((-1 - -16) + -5).
9
Evaluate -10 + 2 - -25 - 13.
4
What is -1 - -17 - (18 + (-39 - -26))?
11
Calculate (13 - 5) + 5 - 1 - (3 - -1).
8
What is 0 - ((21 - 64) + 16)?
27
(0 - (9 + (1 - 2))) + 11
3
What is the value of -2 - -1 - (-25 - -26) - (-1 - -1)?
-2
1 + 0 - 2 - (153 + -158) - 12
-8
What is 0 + (11 - -2) + 13 + -7 + -11?
8
What is the value of 8 + (-3 - (-11 - -4)) + -22?
-10
Evaluate (-26 - -7) + (11 - 13).
-21
What is the value of 7 - (18 + -8) - (18 + (-5 - -1))?
-17
Evaluate 4 + 36 - (-6 - -11).
35
Evaluate -19 + 28 + 6 + -1.
14
What is the value of -2 + 4 + (5 - (-5 - -6))?
6
What is 515 + -537 - (-2 - 15)?
-5
What is the value of -1 + (-8 - ((0 - 0 - 5) + 6))?
-10
What is -149 + 145 - (2 + 2 - 15)?
7
Evaluate 1 - 0 - (15 + -15 + 2).
-1
What is (16 - (19 - 10)) + 8 + -16?
-1
What is 14 - (-3 - -10) - 8 - 4?
-5
-15 - (14 + -18 + -7 + 11)
-15
Evaluate (1 - -13) + (49 - 45) + -5.
13
Evaluate 18 + (-11 - -7) + -5.
9
Calculate -148 + 152 + (-15 - 2) + -6.
-19
Evaluate (8 + 5 - 14) + -2 + 17.
14
What is the value of (3 - -26 - (-27 - -25)) + -10?
21
Calculate -7 + 164 + -163 + 0 + 1 + 0.
-5
Evaluate 0 + -10 + 7 + 10.
7
Calculate (-8 - -8) + -6 + 14.
8
What is 28 - (39 + (-65 - -28))?
26
Evaluate (9 - 36 - -46) + -17.
2
What is the value of -1 + 15 + (6 - (-18 + 9))?
29
Calculate (87 - 115) + 6 + 15.
-7
What is 4 + (-7 + -19 - -6) + 6?
-10
What is the value of (6 - 6) + (5 - -9) - 6?
8
Evaluate -2 - (-6 - 11 - -25).
-10
What is 3 - -3 - ((-1 - -2) + 1)?
4
Evaluate (-2 - -5) + (-209 - -200).
-6
What is -4 + 48 - (-200 + 210)?
34
What is -2 - (1 + 10 + (1 - 2) + -3)?
-9
What is the value of -6 + -2 + 297 + -273?
16
Calculate -78 - -51 - (-2 + -2 + -3).
-20
What is the value of 9 - -1 - (9 - 16 - -6)?
11
What is -16 + 6 + -3 + 2 - 13?
-24
Evaluate (-11 - 4) + 10 - (-8 - 2) - 19.
-14
Evaluate (-123 - -124) + (-8 - -2).
-5
Calculate 12 + -1 + (-26 - 12) + 11.
-16
-24 - (12 + -4 - 25)
-7
What is -17 + 6 + -15 + (13 - (2 - -7))?
-22
Calculate -7 - (-9 - (-8 - -2)) - -7.
3
What is the value of (-10 - (-4 - 4)) + 3?
1
What is the value of (11 - (-7 + 4)) + 5 + (8 - 15)?
12
Evaluate -25 + 49 + -29 + 18.
13
What is the value of (1 - 5) + 1 + (2 - -3)?
2
Evaluate -4 - (-4 + (2 + -7 - -20) + -5).
-10
What is -11 + (13 - 18) - -14?
-2
What is 2 + 2 + (-19 - ((-3 - -3) + -15))?
0
What is -5 + 22 + -10 - (4 - (-2 - -2))?
3
What is the value of (7 + 19 - -3) + -15?
14
What is the value of -11 - (0 + 4 + (0 - -1) + -11)?
-5
Evaluate (-61 - (55 + -103)) + 1 + 2.
-10
-9 - (1 - 4 - (11 - (26 + -19)))
-2
Evaluate 24 + -24 + (1 - 7) - 3.
-9
What is the value of -44 + -9 + 30 + -6?
-29
What is the value of -1 + 6 - (-28 + (3 - -35))?
-5
-9 + (-5 + 1 - (320 - 307))
-26
Evaluate 14 - (3 + (2 - 0) - (85 + -85)).
9
Evaluate -1 + (-2 - -1) + 12 + -3.
7
Calculate -66 - -62 - (1 + -1) - -26.
22
What is the value of (-2 + 2 - (-1 - -1)) + (3 - 13)?
-10
What is the value of -13 + -10 + 24 + -5?
-4
What is the value of -4 + 20 - (-61 + 75)?
2
Evaluate 3 + (4 - 3) + 10 + 17 + -15.
16
Evaluate 32 + -34 + (3 - 6).
-5
What is (5 - (-9 + 11 - 5)) + -1 + 2?
9
Calculate -15 + -6 + -1 + 36 + -8.
6
What is -3 - (7 + 3 + -7 - -7)?
-13
What is 83 - 108 - (-8 + 13 + (-3 - 5))?
-22
What is the value of 1 + 11 + -19 + 11?
4
What is the value of -2 - -3 - (-42 + 40) - -1?
4
Calculate 7 - ((4 - -15) + -7).
-5
-1 + 11 - (31 - 29) - (-1 + -16)
25
12 + 14 + (2 - 17)
11
What is 4 + -10 - (-2 + 0 - -9 - -2)?
-15
Evaluate (-4 - (2 - -3)) + 12 - -2.
5
What is -827 - -836 - (-1 + 36)?
-26
4 + (10 - ((-1 - -4) + (-1 - -2)))
10
Calculate -7 + 7 + -1 + 13 + -5 + -5.
2
Evaluate 2 - 7 - (48 + -43).
-10
What is -7 + 1 + (-13 + 5 - -2)?
-12
What is the value of -24 + (-1 - -2) - (-23 + (-102 - -131))?
-29
What is the value of 22 - (-9 + (-4 - -10 - (2 + -3)))?
24
5 + (1 - 2 - 4) - 6 - 4
-10
What is 19 + (4 - (23 - (4 + -4 - -9)))?
9
What is 17 + -1 - (-287 + 309)?
-6
0 - -60 - (39 - (50 + -31))
40
-3 - 8 - (-66 - -55)
0
Calculate -4 - -19 - (5 + 1 + -1).
10
Calculate 6 - ((2 - 7) + -6 + 31).
-14
What is the value of -5 + 6 + 4 + -4 + -1 + -4?
-4
What is (20 - 4) + -11 + 8 + 7?
20
What is -7 + (2 - 2) - (59 + -78)?
12
Calculate 2 + 8 - (-3 + 9 + -11 + -5).
20
Evaluate -11 + (7 - (-5 - -19) - -4) - -5.
-9
Calculate (1 - (-5 - -2)) + 17 + -14.
7
(-5 - (3 - 6) - -19) + 6
23
Evaluate -2 - (2 + -9) - (8 + (11 - 18)).
4
What is the value of -2 - (-2 + 16 + -12)?
-4
Calculate (-15 - -1) + (-2 - (13 - (17 - 12))).
-24
What is the value of 12 - 0 - (6 - -3 - -18)?
-15
What is the value of -8 - (9 + -5 + -6 + -2)?
-4
What is -3 - -14 - (13 + -9 + -4)?
11
What is 5 - (-12 - -31 - 5)?
-9
What is -16 - 27 - -33 - -25?
15
Evaluate 1 - -16 - (10 - -16).
-9
-1 + (7 - 2 - 3) + -23 + 18
-4
(4 - (36 + -19)) + 22
9
Calculate -5 + 15 + (1 + -11 - 9).
-9
Evaluate -3 + (2 - 5) - (6 - 9).
-3
Evaluate (-14 - (27 + -29)) + 6.
-6
Calculate 0 + 23 + (-11 + 11 - (-8 + 14)).
17
(8 - 22 - 1) + 27
12
(-7 - (-2 + 7)) + 5
-7
What is 6 + (8 - (-7 + 1) - 9)?
11
-11 + (17 - 17) - (3 + 0 - -4)
-18
What is 2 + 8 - (-42 - -45) - (-18 - -5)?
20
What is (7 - -2 - 4) + (18 + -5 - 10)?
8
What is the value of 13 + 3 + -25 + (-6 - -5) + -10?
-20
Calculate -10 - (-14 - -1 - (-6 - 4)).
-7
-30 - (-2 + (19 - 42))
-5
-3 + 6 + -7 + 2 - 3 - -16
11
-23 - 10 - -26 - (-14 - (1 - -1))
9
What is the value of (-46 - (-59 + 23)) + 1 + 1?
-8
What is the value of 21 + -17 + -9 + 0 + -4?
-9
Calculate 19 + 81 + -73 + (-1 - (6 + -4)).
24
Calculate (299 - 316) + (1 - 2) + 0 + -3.
-21
Calculate 35 + 11 + -49 +